tor of 1792 and 928.
32
Calculate the highest common factor of 950 and 228.
38
Calculate the greatest common divisor of 70 and 30.
10
Calculate the highest common factor of 99 and 429.
33
Calculate the greatest common factor of 817 and 129.
43
What is the highest common factor of 26740 and 140?
140
What is the highest common factor of 399 and 912?
57
Calculate the greatest common divisor of 133 and 2681.
7
Calculate the highest common divisor of 184 and 69.
23
Calculate the greatest common factor of 81 and 432.
27
What is the greatest common divisor of 122 and 8?
2
Calculate the greatest common factor of 1740 and 232.
116
What is the greatest common factor of 1196 and 92?
92
Calculate the highest common divisor of 27716 and 164.
164
Calculate the greatest common divisor of 836 and 176.
44
Calculate the greatest common divisor of 15614 and 74.
74
Calculate the highest common factor of 2840 and 80.
40
Calculate the highest common factor of 4592 and 1232.
112
What is the highest common divisor of 9330 and 15?
15
What is the highest common factor of 187 and 1?
1
What is the greatest common divisor of 2610 and 1102?
58
Calculate the highest common divisor of 221 and 17.
17
What is the highest common factor of 7365 and 30?
15
What is the greatest common divisor of 18 and 294?
6
Calculate the greatest common factor of 3 and 7.
1
Calculate the highest common divisor of 35 and 245.
35
Calculate the greatest common factor of 6 and 798.
6
What is the greatest common divisor of 198 and 99?
99
Calculate the greatest common factor of 9 and 144.
9
Calculate the highest common factor of 230 and 138.
46
Calculate the greatest common divisor of 16 and 1384.
8
What is the greatest common divisor of 268 and 871?
67
Calculate the highest common factor of 26 and 403.
13
Calculate the highest common factor of 1998 and 81.
27
Calculate the highest common factor of 5248 and 1280.
128
Calculate the highest common divisor of 260 and 20.
20
What is the highest common factor of 11 and 77?
11
Calculate the greatest common divisor of 97 and 6208.
97
Calculate the greatest common factor of 705 and 255.
15
What is the highest common divisor of 323 and 68?
17
Calculate the highest common factor of 18 and 1038.
6
Calculate the highest common factor of 27 and 2781.
27
What is the highest common factor of 8 and 64?
8
What is the highest common factor of 118 and 1298?
118
Calculate the greatest common factor of 201 and 1273.
67
What is the highest common divisor of 21609 and 9?
9
What is the highest common factor of 17 and 23545?
17
What is the highest common divisor of 216 and 3456?
216
Calculate the greatest common divisor of 2304 and 180.
36
Calculate the highest common divisor of 216 and 162.
54
Calculate the greatest common divisor of 88 and 16.
8
Calculate the greatest common factor of 155 and 3999.
31
What is the highest common factor of 16 and 4?
4
What is the highest common factor of 24 and 56?
8
Calculate the highest common factor of 16 and 1016.
8
What is the highest common divisor of 12663 and 189?
189
Calculate the greatest common divisor of 4302 and 36.
18
Calculate the greatest common divisor of 94 and 2726.
94
What is the highest common factor of 59 and 23?
1
Calculate the greatest common factor of 2318 and 456.
38
What is the greatest common divisor of 3 and 159?
3
What is the highest common factor of 11 and 5280?
11
What is the greatest common factor of 190 and 160?
10
What is the highest common divisor of 4624 and 48?
16
What is the greatest common divisor of 84 and 588?
84
Calculate the highest common factor of 12798 and 486.
162
Calculate the greatest common factor of 10 and 166.
2
Calculate the greatest common factor of 4 and 1402.
2
What is the highest common factor of 144 and 1656?
72
What is the highest common divisor of 7695 and 1215?
405
What is the greatest common factor of 124 and 4?
4
Calculate the greatest common divisor of 393 and 3.
3
What is the greatest common divisor of 1088 and 64?
64
Calculate the highest common factor of 1452 and 60.
12
Calculate the greatest common factor of 779 and 323.
19
What is the greatest common factor of 124 and 4?
4
What is the greatest common factor of 1008 and 64?
16
What is the highest common divisor of 72 and 2250?
18
What is the highest common divisor of 208 and 4?
4
What is the greatest common factor of 1918 and 112?
14
Calculate the highest common factor of 9378 and 18.
18
Calculate the greatest common divisor of 305 and 183.
61
Calculate the highest common divisor of 160 and 56.
8
Calculate the greatest common factor of 845 and 195.
65
Calculate the highest common factor of 114 and 396.
6
Calculate the greatest common divisor of 74 and 703.
37
What is the greatest common factor of 6794 and 430?
86
Calculate the greatest common divisor of 279 and 496.
31
Calculate the highest common factor of 1768 and 1040.
104
Calculate the highest common divisor of 408 and 48.
24
What is the greatest common divisor of 50 and 3425?
25
Calculate the greatest common divisor of 176 and 4048.
176
What is the highest common divisor of 330 and 210?
30
Calculate the greatest common factor of 5880 and 21.
21
What is the greatest common factor of 14515 and 5?
5
What is the highest common factor of 113 and 1?
1
What is the greatest common divisor of 58 and 6206?
58
What is the highest common divisor of 56 and 140?
28
Calculate the highest common divisor of 153 and 68.
17
Calculate the greatest common factor of 18 and 36.
18
What is the highest common factor of 360 and 2760?
120
What is the greatest common divisor of 57 and 304?
19
Calculate the greatest common factor of 80 and 5.
5
What is the highest common factor of 306 and 10251?
153
What is the greatest common factor of 2438 and 106?
106
Calculate the greatest common divisor of 60 and 5430.
30
What is the highest common factor of 246 and 6?
6
Calculate the highest common divisor of 266 and 84.
14
What is the highest common factor of 6355 and 186?
31
What is the greatest common factor of 252 and 4158?
126
Calculate the greatest common divisor of 8 and 10.
2
Calculate the highest common divisor of 25 and 60.
5
What is the highest common factor of 252 and 76?
4
Calculate the highest common factor of 68 and 9044.
68
Calculate the highest common factor of 39 and 26.
13
Calculate the highest common divisor of 180 and 225.
45
Calculate the greatest common factor of 465 and 30.
15
Calculate the highest common divisor of 527 and 93.
31
What is the highest common factor of 244 and 7381?
61
Calculate the greatest common divisor of 60 and 5570.
10
Calculate the greatest common divisor of 672 and 4.
4
What is the highest common divisor of 1243 and 44?
11
What is the highest common divisor of 9797 and 97?
97
What is the highest common factor of 24 and 411?
3
What is the greatest common divisor of 66 and 110?
22
What is the highest common divisor of 28149 and 33?
33
Calculate the greatest common factor of 92 and 667.
23
What is the greatest common divisor of 6 and 69?
3
Calculate the greatest common divisor of 62 and 12276.
62
What is the highest common divisor of 105 and 63?
21
Calculate the highest common divisor of 10187 and 61.
61
What is the greatest common divisor of 27 and 33183?
27
Calculate the highest common divisor of 104 and 8.
8
What is the greatest common factor of 290 and 2494?
58
Calculate the greatest common factor of 704 and 64.
64
Calculate the highest common factor of 35 and 245.
35
What is the greatest common factor of 112 and 208?
16
Calculate the highest common factor of 14355 and 110.
55
What is the greatest common divisor of 15 and 70695?
15
Calculate the greatest common divisor of 161 and 46.
23
What is the highest common factor of 2581 and 178?
89
What is the highest common factor of 468 and 27?
9
What is the greatest common divisor of 14 and 1162?
14
Calculate the greatest common divisor of 4056 and 10647.
507
Calculate the greatest common divisor of 4509 and 27.
27
What is the greatest common factor of 15 and 6?
3
Calculate the highest common divisor of 561 and 51.
51
What is the greatest common divisor of 5559 and 51?
51
What is the highest common factor of 1961 and 333?
37
Calculate the greatest common factor of 3128 and 17.
17
What is the highest common diviso